0.
-1
What is 1312 (base 5) in base 2?
11001111
What is -13 (base 7) in base 4?
-22
Convert 5 (base 14) to base 6.
5
-10 (base 3) to base 6
-3
What is -100 (base 6) in base 3?
-1100
What is -4 (base 6) in base 2?
-100
-3 (base 11) to base 2
-11
9 (base 15) to base 6
13
33 (base 5) to base 7
24
Convert -431 (base 7) to base 4.
-3122
Convert 8 (base 11) to base 8.
10
What is -1111111 (base 2) in base 11?
-106
Convert -35 (base 10) to base 14.
-27
Convert -6 (base 13) to base 6.
-10
Convert -64 (base 8) to base 5.
-202
What is -2 (base 16) in base 2?
-10
Convert -2 (base 4) to base 3.
-2
What is -3 (base 10) in base 5?
-3
14 (base 8) to base 4
30
What is 1 (base 16) in base 4?
1
What is 24 (base 12) in base 13?
22
8 (base 10) to base 12
8
Convert -5 (base 11) to base 8.
-5
What is -21 (base 6) in base 3?
-111
What is 12 (base 3) in base 2?
101
Convert -6 (base 11) to base 15.
-6
What is -11 (base 3) in base 10?
-4
What is -1000101 (base 2) in base 15?
-49
25 (base 6) to base 15
12
18 (base 11) to base 15
14
What is -1403 (base 6) in base 11?
-300
8 (base 9) to base 14
8
Convert 4 (base 5) to base 10.
4
3 (base 9) to base 4
3
-3 (base 11) to base 10
-3
What is 252 (base 9) in base 14?
10d
a (base 11) to base 9
11
a (base 13) to base 16
a
Convert 56 (base 16) to base 13.
68
Convert -1100011 (base 2) to base 8.
-143
What is -28 (base 13) in base 9?
-37
Convert 4 (base 16) to base 6.
4
d (base 15) to base 11
12
What is d3 (base 16) in base 11?
182
9 (base 13) to base 14
9
-1 (base 11) to base 9
-1
20 (base 5) to base 12
a
Convert -101 (base 2) to base 3.
-12
Convert 52 (base 9) to base 10.
47
What is -117 (base 9) in base 8?
-141
-16 (base 10) to base 5
-31
18 (base 14) to base 7
31
-3 (base 12) to base 8
-3
13 (base 8) to base 13
b
Convert 112 (base 5) to base 7.
44
10010000 (base 2) to base 14
a4
Convert 122 (base 5) to base 4.
211
Convert -11 (base 5) to base 8.
-6
What is 20 (base 13) in base 10?
26
2 (base 15) to base 16
2
-12120 (base 3) to base 6
-410
-4 (base 6) to base 13
-4
0 (base 3) to base 10
0
What is -2 (base 16) in base 4?
-2
Convert 86 (base 10) to base 9.
105
-314 (base 7) to base 14
-b4
-7 (base 13) to base 3
-21
Convert 23 (base 13) to base 5.
104
What is 5 (base 8) in base 9?
5
Convert -66 (base 9) to base 7.
-114
312 (base 6) to base 5
431
What is 13 (base 7) in base 4?
22
What is 0 (base 8) in base 9?
0
-17 (base 12) to base 9
-21
Convert 1312 (base 4) to base 13.
91
Convert 1 (base 12) to base 6.
1
What is 1 (base 15) in base 14?
1
What is 222 (base 3) in base 10?
26
-2112 (base 3) to base 7
-125
What is 211 (base 12) in base 2?
100101101
129 (base 11) to base 5
1102
Convert 0 (base 13) to base 6.
0
-2 (base 10) to base 3
-2
-112 (base 4) to base 7
-31
Convert -60 (base 7) to base 6.
-110
What is 4 (base 10) in base 16?
4
-c (base 15) to base 2
-1100
What is -100 (base 2) in base 4?
-10
Convert -10113 (base 4) to base 12.
-1b3
What is 2 (base 11) in base 12?
2
What is 100 (base 2) in base 9?
4
What is 111 (base 2) in base 3?
21
What is 1 (base 14) in base 4?
1
Convert 200 (base 4) to base 13.
26
Convert -12 (base 10) to base 16.
-c
Convert -30 (base 7) to base 2.
-10101
Convert 1 (base 13) to base 10.
1
Convert -22 (base 10) to base 16.
-16
What is -3 (base 13) in base 7?
-3
1 (base 4) to base 8
1
101 (base 2) to base 16
5
2 (base 10) to base 6
2
What is 316 (base 7) in base 6?
424
What is 2 (base 13) in base 10?
2
What is -5 (base 11) in base 8?
-5
What is -202 (base 4) in base 5?
-114
Convert -4 (base 13) to base 11.
-4
Convert 2 (base 11) to base 5.
2
What is -2c (base 16) in base 12?
-38
Convert 11 (base 6) to base 16.
7
What is -11 (base 15) in base 7?
-22
Convert -122 (base 4) to base 16.
-1a
-1310 (base 4) to base 2
-1110100
What is 23 (base 5) in base 3?
111
What is 101111 (base 2) in base 15?
32
Convert 28 (base 12) to base 15.
22
Convert 1 (base 11) to base 6.
1
Convert -7 (base 11) to base 4.
-13
Convert -145 (base 10) to base 2.
-10010001
-10 (base 2) to base 14
-2
-12 (base 6) to base 9
-8
Convert -5 (base 6) to base 9.
-5
-11 (base 3) to base 9
-4
What is -3 (base 7) in base 8?
-3
10010 (base 2) to base 6
30
Convert 2 (base 15) to base 11.
2
What is -4 (base 11) in base 14?
-4
Convert 0 (base 3) to base 16.
0
Convert -106 (base 9) to base 14.
-63
Convert 1d (base 16) to base 12.
25
What is 6 (base 14) in base 7?
6
Convert 2101 (base 3) to base 5.
224
0 (base 9) to base 16
0
What is -29 (base 10) in base 11?
-27
Convert 55 (base 14) to base 2.
1001011
-11 (base 2) to base 12
-3
Convert -138 (base 9) to base 7.
-224
Convert -117 (base 8) to base 5.
-304
-1 (base 16) to base 5
-1
What is -10 (base 5) in base 16?
-5
19 (base 11) to base 4
110
What is -49 (base 12) in base 13?
-45
What is -10 (base 2) in base 7?
-2
What is 222 (base 5) in base 7?
116
-81 (base 11) to base 7
-155
Convert -a (base 12) to base 10.
-10
What is -45 (base 12) in base 7?
-104
Convert -18 (base 10) to base 12.
-16
-12 (base 5) to base 8
-7
-4 (base 10) to base 5
-4
What is 4 (base 16) in base 14?
4
-3 (base 4) to base 14
-3
Convert -31 (base 7) to base 3.
-211
-2 (base 7) to base 15
-2
What is -293 (base 12) in base 3?
-112210
What is 10 (base 4) in base 14?
4
-100 (base 4) to base 10
-16
13 (base 8) to base 12
b
Convert b (base 12) to base 13.
b
What is -140 (base 9) in base 7?
-225
Convert 135 (base 8) to base 3.
10110
-64 (base 11) to base 13
-55
Convert 5 (base 6) to base 2.
101
What is 113 (base 4) in base 14?
19
-36 (base 8) to base 14
-22
What is 2 (base 16) in base 15?
2
Convert -10 (base 3) to base 15.
-3
Convert -2 (base 10) to base 12.
-2
What is 2020 (base 3) in base 8?
74
2 (base 6) to base 2
10
43 (base 6) to base 10
27
Convert -2 (base 16) to base 14.
-2
Convert -22 (base 15) to base 5.
-112
What is 3 (base 5) in base 8?
3
1 (base 11) to base 6
1
What is 4 (base 10) in base 14?
4
0 (base 12) to base 9
0
20 (base 3) to base 9
6
What is -1c (base 13) in base 11?
-23
-a (base 11) to base 3
-101
Convert 2 (base 12) to base 8.
2
What is -81 (base 9) in base 12?
-61
Convert -3 (base 8) to base 10.
-3
-2 (base 12) to base 9
-2
What is -10 (base 11) in base 15?
-b
Convert -10 (base 2) to base 15.
-2
Convert -3 (base 9) to base 2.
-11
42 (base 6) to base 11
24
What is -85 (base 12) in base 2?
-1100101
0 (base 8) to base 11
0
What is 2 (base 15) in base 6?
2
What is -6 (base 14) in base 8?
-6
What is 19 (base 10) in base 4?
103
Convert 5 (base 12) to base 4.
11
What is 9 (base 12) in base 14?
9
155 (base 11) to base 8
265
-5 (base 12) to base 14
-5
11 (base 15) to base 13
13
101 (base 2) to base 14
5
Convert 5a (base 14) to base 15.
55
22 (base 15) to base 16
20
0 (base 13) to base 3
0
-8 (base 15) to base 7
-11
What is -29 (base 14) in base 7?
-52
What is -37 (base 14) in base 4?
-301
Convert 54 (base 9) to base 15.
34
Convert 42 (base 6) to base 14.
1c
Convert 10 (base 9) to base 3.
100
Convert 320 (base 4) to base 12.
48
What is -31 (base 4) in base 5?
-23
What is -4 (base 7) in base 4?
-10
What is -2 (base 12) in base 5?
-2
-bb (base 12) to base 16
-8f
What is -10 (base 6) in base 14?
-6
Convert 203 (base 4) to base 8.
43
Convert 1141 (base 5) to base 10.
171
Convert -15 (base 16) to base 5.
-41
Convert -1110010 (base 2) to base 5.
-424
-4 (base 8) to base 3
-11
Convert 4b (base 12) to base 11.
54
-13a (base 12) to base 9
-231
Convert -9 (base 13) to base 7.
-12
What is 3 (base 13) in base 16?
3
Convert -200 (base 4) to base 2.
-100000
-10 (base 2) to base 10
-2
Convert -24 (base 5) to base 3.
-112
Convert 2 (base 11) to base 6.
2
What is 3 (base 10) in base 8?
3
11 (base 16) to base 9
18
-3 (base 12) to base 11
-3
3 (base 15) to base 10
3
0 (base 15) to base 8
0
421 (base 8) to base 9
333
Convert 0 (base 2) to base 11.
0
Convert 11 (base 9) to base 16.
a
11 (base 12) to base 15
d
Convert 11100 (base 2) to base 5.
103
Convert 113 (base 8) to base 13.
5a
21111 (base 3) to base 15
d7
110 (base 3) to base 2
1100
Convert -3 (base 10) to base 13.
-3
Convert -5 (base 9) to base 13.
-5
Convert 22 (base 3) to base 10.
8
-3 (base 8) to base 6
-3
177 (base 10) to base 2
10110001
What is -10000 (base 2) in base 3?
-121
What is 4 (base 16) in base 10?
4
d4 (base 16) to base 11
183
Convert 1011100 (base 2) to base 7.
161
-bf (base 16) to bas